the prime factors of 1965444.
2, 3, 13, 43, 293
List the prime factors of 1571300.
2, 5, 19, 827
List the prime factors of 710780.
2, 5, 7, 5077
What are the prime factors of 2380179?
3, 43, 18451
What are the prime factors of 352107?
3, 7, 23
List the prime factors of 1946492.
2, 587, 829
List the prime factors of 462599.
23, 20113
List the prime factors of 2963899.
17, 174347
List the prime factors of 276696.
2, 3, 7, 61
List the prime factors of 125129.
157, 797
What are the prime factors of 52480?
2, 5, 41
What are the prime factors of 176620?
2, 5, 8831
List the prime factors of 7460850.
2, 3, 5, 49739
List the prime factors of 198544.
2, 12409
List the prime factors of 5470078.
2, 739, 3701
What are the prime factors of 2044198?
2, 13, 78623
What are the prime factors of 13563909?
3, 17, 29, 1019
List the prime factors of 1421632.
2, 97, 229
What are the prime factors of 1134077?
7, 162011
List the prime factors of 805509.
3, 89501
List the prime factors of 151224.
2, 3, 6301
What are the prime factors of 10049216?
2, 157019
What are the prime factors of 790745?
5, 167, 947
List the prime factors of 60487.
7, 8641
What are the prime factors of 17587008?
2, 3, 19, 1607
List the prime factors of 1285260.
2, 3, 5, 31, 691
List the prime factors of 219664.
2, 13729
List the prime factors of 2463529.
2463529
What are the prime factors of 31225192?
2, 17, 439, 523
List the prime factors of 1883992.
2, 11, 79, 271
List the prime factors of 9308566.
2, 1879, 2477
List the prime factors of 587297.
587297
What are the prime factors of 9338087?
11, 29, 73, 401
What are the prime factors of 650573?
7, 11, 17, 71
List the prime factors of 587832.
2, 3, 7, 3499
What are the prime factors of 16525766?
2, 29, 284927
List the prime factors of 231348.
2, 3, 13, 1483
List the prime factors of 357199.
357199
What are the prime factors of 165629?
89, 1861
What are the prime factors of 8939933?
8939933
What are the prime factors of 381562?
2, 107, 1783
List the prime factors of 485788.
2, 121447
What are the prime factors of 589870?
2, 5, 61, 967
List the prime factors of 213687.
3, 23743
List the prime factors of 1788895.
5, 357779
What are the prime factors of 414528?
2, 3, 17, 127
List the prime factors of 216668.
2, 54167
What are the prime factors of 236062?
2, 17, 53, 131
List the prime factors of 460376.
2, 7, 8221
What are the prime factors of 1804230?
2, 3, 5, 20047
What are the prime factors of 4565094?
2, 3, 79, 9631
What are the prime factors of 2999868?
2, 3, 249989
What are the prime factors of 14504981?
14504981
What are the prime factors of 1067048?
2, 83, 1607
What are the prime factors of 12276069?
3, 13, 314771
List the prime factors of 277123.
7, 11, 59, 61
List the prime factors of 1232787.
3, 410929
What are the prime factors of 1209440?
2, 5, 7559
List the prime factors of 6028320.
2, 3, 5, 19, 661
What are the prime factors of 592550?
2, 5, 7, 1693
List the prime factors of 823591.
823591
List the prime factors of 16822880.
2, 5, 105143
List the prime factors of 27484506.
2, 3, 7, 218131
What are the prime factors of 16489417?
7, 587, 4013
What are the prime factors of 518262?
2, 3, 17, 5081
What are the prime factors of 1018532?
2, 23, 11071
List the prime factors of 1180972.
2, 13, 1747
List the prime factors of 439783.
23, 19121
List the prime factors of 331784.
2, 67, 619
What are the prime factors of 6035148?
2, 3, 7, 887
What are the prime factors of 2683296?
2, 3, 7, 11
List the prime factors of 10240417.
11, 919, 1013
What are the prime factors of 607834?
2, 303917
What are the prime factors of 6519843?
3, 11, 5987
What are the prime factors of 5871953?
17, 89, 3881
What are the prime factors of 817690?
2, 5, 81769
What are the prime factors of 743508?
2, 3, 19, 1087
List the prime factors of 31062.
2, 3, 31, 167
What are the prime factors of 489402?
2, 3, 19, 53
List the prime factors of 142600.
2, 5, 23, 31
What are the prime factors of 6912694?
2, 19, 181913
List the prime factors of 408403.
408403
What are the prime factors of 475639?
475639
What are the prime factors of 1335851?
11, 121441
What are the prime factors of 1831637?
47, 38971
List the prime factors of 74917.
19, 3943
List the prime factors of 151447.
269, 563
List the prime factors of 6381162.
2, 3, 461, 769
List the prime factors of 8368004.
2, 991, 2111
What are the prime factors of 394393?
394393
List the prime factors of 13820186.
2, 2237, 3089
List the prime factors of 86471.
7, 11, 1123
What are the prime factors of 181960?
2, 5, 4549
What are the prime factors of 13869278?
2, 19, 179, 2039
What are the prime factors of 1069043?
1069043
What are the prime factors of 25567?
37, 691
What are the prime factors of 447379?
631, 709
List the prime factors of 69751.
11, 17, 373
What are the prime factors of 9739566?
2, 3, 541087
What are the prime factors of 253078?
2, 7, 18077
What are the prime factors of 61832?
2, 59, 131
List the prime factors of 254961.
3, 7, 19, 71
What are the prime factors of 887574?
2, 3, 29, 5101
What are the prime factors of 13082950?
2, 5, 233, 1123
List the prime factors of 10338870.
2, 3, 5, 344629
What are the prime factors of 3691236?
2, 3, 29, 10607
What are the prime factors of 1278092?
2, 19, 67, 251
What are the prime factors of 276640?
2, 5, 7, 13, 19
What are the prime factors of 588535?
5, 31, 3797
What are the prime factors of 152840?
2, 5, 3821
List the prime factors of 667446.
2, 3, 13, 43, 199
List the prime factors of 1753425.
3, 5, 7793
List the prime factors of 178627.
178627
List the prime factors of 1619770.
2, 5, 161977
List the prime factors of 359234.
2, 53, 3389
What are the prime factors of 5041?
71
What are the prime factors of 2102573?
11, 191143
List the prime factors of 1730089.
1730089
What are the prime factors of 409166?
2, 204583
List the prime factors of 21137331.
3, 7045777
What are the prime factors of 416679?
3, 138893
What are the prime factors of 184645?
5, 36929
List the prime factors of 311295.
3, 5, 20753
What are the prime factors of 1912538?
2, 956269
List the prime factors of 18392703.
3, 7, 19, 31, 1487
What are the prime factors of 13468168?
2, 7, 240503
What are the prime factors of 1616067?
3, 179563
What are the prime factors of 382239?
3, 11, 13
List the prime factors of 814245.
3, 5, 19, 2857
List the prime factors of 8938093.
8938093
What are the prime factors of 13897076?
2, 853, 4073
What are the prime factors of 667170?
2, 3, 5, 7, 353
What are the prime factors of 1446753?
3, 7, 11, 6263
List the prime factors of 961976.
2, 120247
List the prime factors of 5844237.
3, 7, 397, 701
What are the prime factors of 2240615?
5, 13, 34471
What are the prime factors of 1236395?
5, 247279
List the prime factors of 487222.
2, 59, 4129
List the prime factors of 651866.
2, 23, 37, 383
List the prime factors of 2973015.
3, 5, 66067
List the prime factors of 565980.
2, 3, 5, 9433
List the prime factors of 936281.
936281
List the prime factors of 6072817.
6072817
What are the prime factors of 378558?
2, 3, 21031
What are the prime factors of 328752?
2, 3, 761
List the prime factors of 395018.
2, 13, 15193
List the prime factors of 1948365.
3, 5, 29, 1493
List the prime factors of 724423.
7, 37, 2797
What are the prime factors of 848025?
3, 5, 3769
List the prime factors of 454546.
2, 17, 29, 461
List the prime factors of 359043.
3, 19, 6299
List the prime factors of 7770865.
5, 1554173
List the prime factors of 3141.
3, 349
What are the prime factors of 6511?
17, 383
List the prime factors of 22730113.
7, 29, 41, 2731
What are the prime factors of 17951367?
3, 7, 241, 3547
List the prime factors of 20508.
2, 3, 1709
What are the prime factors of 86842?
2, 7, 6203
List the prime factors of 7962041.
7962041
List the prime factors of 6053055.
3, 5, 403537
List the prime factors of 21516.
2, 3, 11, 163
What are the prime factors of 38235?
3, 5, 2549
List the prime factors of 112865.
5, 22573
List the prime factors of 1459496.
2, 241, 757
What are the prime factors of 16218183?
3, 421, 12841
What are the prime factors of 1774385?
5, 354877
What are the prime factors of 32700547?
11, 2972777
What are the prime factors of 27985602?
2, 3, 293, 15919
What are the prime factors of 420823?
13, 32371